me factors of 646240.
2, 5, 7, 577
List the prime factors of 27026659.
11, 109, 22541
What are the prime factors of 20119291?
20119291
What are the prime factors of 4948502?
2, 13, 29, 6563
List the prime factors of 12129294.
2, 3, 2021549
What are the prime factors of 98141?
17, 23, 251
List the prime factors of 1791751.
13, 137827
What are the prime factors of 30976?
2, 11
List the prime factors of 10209617.
11, 84377
What are the prime factors of 2701509?
3, 353, 2551
What are the prime factors of 241934?
2, 7, 11, 1571
List the prime factors of 237128.
2, 29641
List the prime factors of 265226.
2, 13, 101
List the prime factors of 214187.
19, 11273
List the prime factors of 115975.
5, 4639
List the prime factors of 547007.
547007
List the prime factors of 584252.
2, 146063
What are the prime factors of 20662216?
2, 1499, 1723
What are the prime factors of 4449888?
2, 3, 15451
What are the prime factors of 16551590?
2, 5, 11, 13679
List the prime factors of 59438.
2, 113, 263
List the prime factors of 3305675.
5, 23, 5749
What are the prime factors of 13146565?
5, 487, 5399
List the prime factors of 2106.
2, 3, 13
List the prime factors of 8554123.
19, 450217
List the prime factors of 21441464.
2, 11, 167, 1459
What are the prime factors of 8272157?
23, 457, 787
List the prime factors of 191306.
2, 41, 2333
List the prime factors of 1200353.
7, 11, 17, 131
What are the prime factors of 2168565?
3, 5, 7, 19, 1087
What are the prime factors of 2357625?
3, 5, 6287
What are the prime factors of 339561?
3, 29, 1301
List the prime factors of 1317026.
2, 23, 28631
List the prime factors of 1324038.
2, 3, 220673
What are the prime factors of 477629?
101, 4729
List the prime factors of 1461600.
2, 3, 5, 7, 29
What are the prime factors of 9668105?
5, 173, 11177
List the prime factors of 85344.
2, 3, 7, 127
What are the prime factors of 452853?
3, 67, 751
What are the prime factors of 11969589?
3, 3989863
List the prime factors of 3021968.
2, 67, 2819
List the prime factors of 1163217.
3, 11, 101, 349
List the prime factors of 5469713.
59, 92707
What are the prime factors of 181817?
113, 1609
What are the prime factors of 1201458?
2, 3, 17, 11779
What are the prime factors of 281371?
19, 59, 251
List the prime factors of 5160578.
2, 2580289
What are the prime factors of 11364238?
2, 5682119
What are the prime factors of 9172?
2, 2293
List the prime factors of 474206.
2, 41, 5783
What are the prime factors of 165050?
2, 5, 3301
List the prime factors of 52228.
2, 11, 1187
List the prime factors of 1756239.
3, 585413
What are the prime factors of 74927?
31, 2417
What are the prime factors of 21877877?
7, 1489, 2099
What are the prime factors of 2610273?
3, 227, 3833
What are the prime factors of 691452?
2, 3, 19207
List the prime factors of 7593484.
2, 1898371
List the prime factors of 8113796.
2, 709, 2861
What are the prime factors of 11760842?
2, 31, 189691
List the prime factors of 711859.
711859
What are the prime factors of 704283?
3, 23, 59, 173
List the prime factors of 3987492.
2, 3, 19, 17489
What are the prime factors of 4589336?
2, 19, 109, 277
What are the prime factors of 6161719?
19, 324301
List the prime factors of 1294361.
1294361
What are the prime factors of 147651?
3, 7, 79, 89
List the prime factors of 1955269.
71, 27539
List the prime factors of 2949766.
2, 71, 20773
What are the prime factors of 1148328?
2, 3, 41, 389
List the prime factors of 26573406.
2, 3, 67, 66103
List the prime factors of 573424.
2, 35839
What are the prime factors of 801739?
283, 2833
What are the prime factors of 339397?
19, 17863
List the prime factors of 1456193.
607, 2399
List the prime factors of 15449.
7, 2207
List the prime factors of 15385841.
15385841
What are the prime factors of 4694163?
3, 1564721
What are the prime factors of 642394?
2, 37, 8681
List the prime factors of 2641037.
7, 377291
What are the prime factors of 380524?
2, 95131
List the prime factors of 181070.
2, 5, 19, 953
What are the prime factors of 440895?
3, 5, 7, 13, 17, 19
List the prime factors of 225260.
2, 5, 7, 1609
What are the prime factors of 576687?
3, 192229
List the prime factors of 314879.
314879
What are the prime factors of 371942?
2, 185971
List the prime factors of 2907440.
2, 5, 36343
What are the prime factors of 4203888?
2, 3, 13, 6737
What are the prime factors of 12343777?
61, 202357
What are the prime factors of 4626698?
2, 2313349
What are the prime factors of 9453370?
2, 5, 41, 23057
List the prime factors of 14187031.
163, 87037
List the prime factors of 1010868.
2, 3, 84239
List the prime factors of 437830.
2, 5, 43783
What are the prime factors of 242532?
2, 3, 6737
List the prime factors of 287524.
2, 71881
List the prime factors of 4159728.
2, 3, 9629
What are the prime factors of 219145?
5, 41, 1069
What are the prime factors of 334987?
334987
List the prime factors of 28218511.
127, 222193
List the prime factors of 9179192.
2, 11, 104309
What are the prime factors of 17791888?
2, 53, 20981
List the prime factors of 73154.
2, 79, 463
What are the prime factors of 747396?
2, 3, 13, 1597
What are the prime factors of 404851?
404851
What are the prime factors of 7863686?
2, 257, 15299
List the prime factors of 1586497.
11, 233, 619
What are the prime factors of 2156988?
2, 3, 179749
List the prime factors of 473245.
5, 94649
What are the prime factors of 265726?
2, 132863
List the prime factors of 283432.
2, 71, 499
What are the prime factors of 707616?
2, 3, 7, 13
List the prime factors of 20229406.
2, 103, 283, 347
List the prime factors of 10901478.
2, 3, 7, 19, 719
List the prime factors of 1223786.
2, 47, 277
List the prime factors of 508032.
2, 3, 7
What are the prime factors of 2554895?
5, 7, 72997
List the prime factors of 229123.
229123
List the prime factors of 900224.
2, 13, 541
What are the prime factors of 89547?
3, 19, 1571
List the prime factors of 923140.
2, 5, 101, 457
List the prime factors of 1189769.
7, 24281
What are the prime factors of 19511847?
3, 139, 1733
What are the prime factors of 444246?
2, 3, 11, 53, 127
List the prime factors of 503449.
241, 2089
List the prime factors of 234080.
2, 5, 7, 11, 19
What are the prime factors of 16032474?
2, 3, 457, 1949
What are the prime factors of 651318?
2, 3, 108553
What are the prime factors of 1737203?
13, 133631
What are the prime factors of 7431419?
7431419
List the prime factors of 24897941.
59, 479, 881
What are the prime factors of 2308525?
5, 107, 863
List the prime factors of 1925980.
2, 5, 7, 13757
List the prime factors of 6193225.
5, 247729
List the prime factors of 23863910.
2, 5, 7, 340913
What are the prime factors of 329060?
2, 5, 16453
What are the prime factors of 6486559?
6486559
List the prime factors of 4221536.
2, 11, 67, 179
What are the prime factors of 18761824?
2, 661, 887
What are the prime factors of 2060306?
2, 1030153
What are the prime factors of 1193326?
2, 596663
List the prime factors of 15792.
2, 3, 7, 47
What are the prime factors of 942207?
3, 7, 44867
What are the prime factors of 10493411?
10493411
What are the prime factors of 7308171?
3, 13, 47, 443
List the prime factors of 1642852.
2, 61, 6733
What are the prime factors of 4187218?
2, 7, 299087
What are the prime factors of 140522?
2, 17, 4133
List the prime factors of 1138001.
263, 4327
What are the prime factors of 129530?
2, 5, 12953
What are the prime factors of 2113458?
2, 3, 163, 2161
List the prime factors of 46354.
2, 7, 11, 43
What are the prime factors of 3091635?
3, 5, 22901
What are the prime factors of 698707?
43, 16249
What are the prime factors of 10343853?
3, 13, 211, 419
What are the prime factors of 965034?
2, 3, 7, 23, 37
What are the prime factors of 7849255?
5, 983, 1597
List the prime factors of 662772.
2, 3, 11, 5021
What are the prime factors of 28321257?
3, 23, 410453
What are the prime factors of 1031339?
17, 19, 31, 103
List the prime factors of 26154.
2, 3, 1453
What are the prime factors of 465438?
2, 3, 77573
What are the prime factors of 853201?
353, 2417
What are the prime factors of 2224065?
3, 5, 67, 2213
What are the prime factors of 398836?
2, 99709
List the prime factors of 853042.
2, 79, 5399
List the prime factors of 4520527.
11, 61, 6737
List the p